 59296. Determine g(-168).
8
Let d(r) = -27*r - 136. What is d(-10)?
134
Let g(h) = 6*h + 105. Calculate g(-26).
-51
Let p(u) = -u**3 + 35*u**2 + 108*u + 213. What is p(38)?
-15
Let p(q) = 12*q**2 + 85*q + 9. Give p(-7).
2
Let h(j) = -11*j. What is h(-2)?
22
Let f(a) = 12*a**3 + 1345*a**2 + 112*a + 12. What is f(-112)?
12
Let q(t) = 118*t - 1203. Calculate q(10).
-23
Let f(x) = x + 33. Determine f(-21).
12
Let z(i) = i**3 - 93*i**2 + 4*i - 425. Give z(93).
-53
Let o(q) = 2*q**3 - 182*q**2 - 378*q + 153. What is o(93)?
-405
Let v(z) = -2*z**3 - 41*z**2 - 146*z - 27. Calculate v(-16).
5
Let p(b) = -53*b - 2715. Determine p(-44).
-383
Let b(l) = -l**3 - 21*l**2 - 76*l - 3. Give b(-14).
-311
Let c(i) = 588*i - 32927. Determine c(56).
1
Let r(n) = n**3 - 2*n**2 - 46*n + 146. Calculate r(4).
-6
Let s(i) = -i**3 - 17*i**2 - 48*i + 21. Determine s(-12).
-123
Let z(r) = -r**3 + 36*r**2 - 6*r + 124. Give z(36).
-92
Let m(i) = i**3 - 6*i**2 + 37*i - 298. Determine m(7).
10
Let t(u) = u**3 - 20*u**2 + 94*u + 31. What is t(12)?
7
Let x(m) = 15*m**2 + 53*m - 201. What is x(4)?
251
Let n(z) = -z**3 - 31*z**2 - 25*z + 50. What is n(-30)?
-100
Let f(s) = -432*s + 4317. Give f(10).
-3
Let h(c) = -180*c + 53638. Calculate h(298).
-2
Let o(t) = -5*t**2 - 378*t - 1464. Give o(-4).
-32
Let b(k) = -32*k**2 - 34*k - 9. Give b(-1).
-7
Let x(h) = h**3 - 42*h**2 + 94*h - 49. Give x(40).
511
Let t(s) = 27*s**2 - 262*s - 1. Determine t(10).
79
Let z(a) = -2*a**3 - 10*a**2 + 21*a + 135. What is z(-8)?
351
Let b(l) = 51*l + 436. Determine b(-21).
-635
Let y(j) = j**2 + 14*j. Determine y(4).
72
Let t(m) = 8*m**2 - 59*m + 98. What is t(5)?
3
Let g(y) = 5760*y - 120958. Give g(21).
2
Let x(m) = 37*m - 27. Calculate x(0).
-27
Let f(d) = d**2 - 25*d + 156. Determine f(7).
30
Let a(m) = 11*m**3 + 252*m**2 - 18*m + 94. Calculate a(-23).
-21
Let p(n) = -216*n - 3275. What is p(-15)?
-35
Let q(s) = s + 40. What is q(20)?
60
Let r(w) = -w**2 - 6*w + 184. Calculate r(11).
-3
Let b(h) = -h**2 - 1143*h - 9077. Give b(-8).
3
Let i(j) = -3*j**2 - 221*j - 848. What is i(-70)?
-78
Let m(v) = 16*v**2 - 133*v - 941. What is m(-7)?
774
Let s(p) = -306*p - 2129. Determine s(-7).
13
Let j(r) = 11*r**3 + 60*r**2 - 126*r + 3. What is j(2)?
79
Let i(u) = -1903*u - 1889. Determine i(-1).
14
Let t(h) = -4*h**2 + 68*h - 2. Calculate t(18).
-74
Let g(w) = 53*w**3 - 5*w**2 - 7*w - 3. Calculate g(-2).
-433
Let u(b) = -b**2 - 45*b - 481. Calculate u(-20).
19
Let r(f) = -f**3 + 2*f - 12. Give r(-4).
44
Let x(v) = 6*v + 438. Determine x(-79).
-36
Let j(s) = 2*s**3 + 45*s**2 + 204*s - 11. Calculate j(-16).
53
Let w(j) = j**3 + 10*j**2 + 7*j + 13. Calculate w(-7).
111
Let k(t) = -82*t - 5308. Give k(-65).
22
Let k(w) = 10*w + 61. What is k(-6)?
1
Let a(j) = -135*j - 13627. Give a(-101).
8
Let a(k) = k**3 - 177*k**2 + 1517*k - 40. Calculate a(9).
5
Let s(h) = 2*h**2 - 56*h - 764. Calculate s(38).
-4
Let b(h) = h**3 - 8*h**2 + 14*h - 21. Give b(8).
91
Let t(c) = -3*c**3 + 5*c**2 - 7*c + 6. Determine t(2).
-12
Let y(q) = 7*q**2 - 5*q - 57. Calculate y(-8).
431
Let c(b) = -92*b - 10185. Determine c(-111).
27
Let a(u) = -2*u**2 - 28*u - 91. What is a(-9)?
-1
Let o(h) = 9*h**3 - 6*h**2 - 205*h + 423. Calculate o(2).
61
Let q(f) = -f**3 + 15*f**2 - 11*f - 18. Calculate q(11).
345
Let j(a) = -1631*a - 45673. Determine j(-28).
-5
Let w(j) = 19*j - 1457. Give w(74).
-51
Let n(k) = k**3 - 47*k**2 + 86*k + 185. Calculate n(45).
5
Let t(b) = 16*b + 27. Give t(-14).
-197
Let s(y) = -151*y**3 - 2261*y**2 + 60*y + 3. What is s(-15)?
3
Let p(d) = 2969*d + 11867. Calculate p(-4).
-9
Let o(g) = 619*g + 1911. Give o(-3).
54
Let g(k) = -k**2 + 88*k - 783. Give g(78).
-3
Let a(j) = j**3 - 8*j**2 + 84. What is a(6)?
12
Let a(d) = 2*d**3 - 207*d**2 - 315*d + 1. Give a(105).
1
Let z(g) = -10*g + 19. What is z(1)?
9
Let l(b) = b**3 - 165*b**2 - 1371*b - 2263. What is l(173)?
-14
Let c(x) = -66*x + 4949. Calculate c(75).
-1
Let v(n) = 43*n + 972. Calculate v(-18).
198
Let t(f) = 2*f**2 + 19*f - 179. Give t(7).
52
Let n(k) = -31*k - 461. Determine n(-11).
-120
Let p(r) = r**2 + 110*r + 2238. Calculate p(-27).
-3
Let l(n) = n**3 - 54*n**2 + 105*n - 77. What is l(52)?
-25
Let m(g) = -g**2 - 62*g - 680. Calculate m(-17).
85
Let v(c) = 3*c**2 - 163*c + 1922. What is v(17)?
18
Let g(p) = p**3 + 34*p**2 + 191*p + 38. What is g(-7)?
24
Let y(g) = -g**3 - 125*g**2 - 342*g + 2982. Calculate y(-122).
54
Let r(t) = 7*t + 494. Determine r(-66).
32
Let q(n) = n**3 - 60*n**2 - 187*n + 33. Give q(63).
159
Let d(z) = 13*z + 60. Calculate d(4).
112
Let x(t) = 4*t**2 - 187*t - 92. Give x(47).
-45
Let b(d) = 355*d**3 - 3*d**2 - d + 1. What is b(-1)?
-356
Let m(k) = -355*k + 3931. Determine m(11).
26
Let v(s) = 6*s**3 - 5*s**2 + 20*s - 69. Give v(3).
108
Let v(r) = 219*r - 717. Calculate v(3).
-60
Let j(l) = -l**2 + 32*l + 6. What is j(36)?
-138
Let c(v) = v**3 + 8*v**2 - 33*v + 50. Give c(-11).
50
Let b(f) = f**2 + 195*f - 1340. Give b(7).
74
Let c(p) = p**3 + 5*p**2 + 5*p - 1. What is c(-7)?
-134
Let z(r) = -200*r**2 - 34*r - 24. Determine z(-1).
-190
Let i(j) = 13*j**2 - 3358*j + 3358. What is i(1)?
13
Let i(n) = -n**3 - 25*n**2 - 31*n - 217. Give i(-24).
-49
Let i(h) = -h**3 + 12*h**2 + 8*h + 249. What is i(14)?
-31
Let u(c) = -9*c**2 - 43*c - 136. Determine u(-4).
-108
Let u(f) = -38*f - 2896. What is u(-75)?
-46
Let q(s) = 507*s + 50192. What is q(-99)?
-1
Let w(n) = 2*n**3 - 7*n**2 - 31*n + 4. What is w(-3)?
-20
Let b(t) = -t**2 - 20*t + 60. Determine b(-24).
-36
Let p(t) = 78*t - 163. Determine p(2).
-7
Let o(w) = -446*w + 3127. What is o(7)?
5
Let a(x) = x**2 + 38*x + 114. Calculate a(-3).
9
Let x(w) = -w**3 - 14*w**2 + 7*w + 53. Give x(-14).
-45
Let w(t) = t**2 + 61*t - 259. Determine w(0).
-259
Let h(q) = -159*q - 1752. Calculate h(-11).
-3
Let i(s) = 453*s - 2150. Calculate i(5).
115
Let j(k) = -k**2 - 9*k + 56. Give j(5).
-14
Let a(f) = -64*f**2 - 8*f + 1. What is a(-2)?
-239
Let n(r) = -248*r - 33968. Calculate n(-137).
8
Let i(g) = 2*g**3 + 7*g**2 - g - 21. Determine i(-4).
-33
Let q(h) = -h**3 + 14*h**2 - 72*h + 128. What is q(7)?
-33
Let r(i) = -5*i**2 - 752*i + 509. Give r(-151).
56
Let b(i) = 69*i - 860. Determine b(11).
-101
Let h(w) = -w**3 + w**2 + 109*w - 386. Calculate h(4).
2
Let n(r) = 32*r + 297. What is n(-10)?
-23
Let a(x) = -x**3 - 4*x**2 + 109*x + 576. Determine a(-9).
0
Let h(f) = -60*f - 720. Calculate h(-12).
0
Let t(d) = -9*d + 754. Calculate t(20).
574
Let x(u) = -2*u**2 + 45*u + 256. What is x(-6)?
-86
Let g(q) = 5*q**3 - 40*q**2 + 230*q - 1850. Determine g(8).
-10
Let c(u) = -3*u**3 - 204*u**2 + 3*u + 604. Calculate c(-68).
400
Let a(v) = -33*v + 411. Give a(13).
-18
Let y(f) = 7*f**3 - 1077*f**2 - 147*f - 1099. Give y(154).
-21
Let m(w) = 20*w - 132. Calculate m(-12).
-372
Let i(x) = -4*x**2 - 13*x - 4. Determine i(-5).
-39
Let r(m) = -2*m**3 - 101*m**2 + 48*m - 168. Determine r(-51).
-15
Let a(k) = -2*k**3 - 240*k**2 - 7*k - 852. Determine a(-120).
-12
Let c(l) = -204*l + 1442. Determine c(9).
-394
Let s(a) = -15*a**2 - 14*a + 11. Determine s(-6).
-445
Let f(i) = 2*i**3 + 7*i**2 - 8*i + 3. What is f(-5)?
-32
Let v(c) = -4398*c - 8759. Determine v(-2).
37
Let a(t) = -t**3 + 3*t**2 + 26*t - 4. What is a(6)?
44
Let o(a) = -a**3 + 9*a**2 + 17*a + 84. Calculate o(12).
-144
Let k(c) = -c**2 + 106*c - 1522. What is k(89)?
-9
Let q(a) = -163*a**2 + 1949*a + 62. Calculate q(12).
-22
Let a(r) = r**3 + 31*r**2 + 184*r + 26. What is a(-9)?
152
Let g(n) = -n**2 - 31*n - 154. What is g(-10)?
56
Let z(b) = 5*b**2 - 923*b - 923. Determine z(-1).
5
Let c(j) = j**3 - 3*j**2 + 7*j + 9. What is c(4)?
53
Let r(a) = -a**3 - 22*a**2 - 83*a + 44. Give r(-15).
-286
Let c(v) = -510*v**2 - 12*v - 12. Determine c(-1).
-510
Let q(g) = 2*g**2 - 87*g + 615. Calculate q(9).
-6
Let p(q) = q**3 - 12*q**2 + 108*q - 1296. Determine p(12).
0
Let x(p) = 2*p**2 + 26*p - 20. Calculate x(-7).
-104
Let b(x) = x**2 - 2*x - 75. Give b(7).
-40
Let t(j) = -2*j**3 - 6*j**2 + 3*j - 13. What is t(-5)?
72
Let f(g) = -8*g**2 + 8*g + 7. Determine f(-1).
-9
Let l(f) = -233*f - 464. Calculate l(-2).
2
Let r(m) = -97*m**2 - 3296*m + 57. Give r(-34).
-11
Let w(j) = -9*j**2 - 432*j - 433. Determine w(-1).
-10
Let u(d) = 2796*d + 16843. What is u(-6)?
67
Let k(x) = 23*